{"id":29,"date":"2016-11-08T15:51:58","date_gmt":"2016-11-08T15:51:58","guid":{"rendered":"https:\/\/avadawebsites.wpengine.com\/information-technology\/?page_id=29"},"modified":"2025-02-21T17:41:53","modified_gmt":"2025-02-21T17:41:53","slug":"camecuaro","status":"publish","type":"page","link":"https:\/\/tangancicuaro.gob.mx\/index.php\/camecuaro\/","title":{"rendered":"Camecuaro"},"content":{"rendered":"<p><div class=\"fusion-fullwidth fullwidth-box fusion-builder-row-1 fusion-flex-container has-pattern-background has-mask-background fusion-parallax-none nonhundred-percent-fullwidth non-hundred-percent-height-scrolling\" style=\"--awb-border-radius-top-left:0px;--awb-border-radius-top-right:0px;--awb-border-radius-bottom-right:0px;--awb-border-radius-bottom-left:0px;--awb-padding-bottom:80px;--awb-background-image:linear-gradient(180deg, rgba(255,255,255,0.81) 0%,rgba(255,255,255,0.81) 100%),url(https:\/\/tangancicuaro.gob.mx\/wp-content\/uploads\/2025\/02\/Tangancicuaro-Michoacan.jpg);;--awb-background-size:cover;--awb-flex-wrap:wrap;\" ><div class=\"awb-background-mask\" style=\"background-image:  url(data:image\/svg+xml;utf8,%3Csvg%20width%3D%221920%22%20height%3D%22954%22%20fill%3D%22none%22%20xmlns%3D%22http%3A%2F%2Fwww.w3.org%2F2000%2Fsvg%22%3E%3Cpath%20fill-rule%3D%22evenodd%22%20clip-rule%3D%22evenodd%22%20d%3D%22M1920%200H0v954h778.074l242.786-434.234c6.47-11.566%2022.45-20.942%2035.71-20.942h109.86l205.43-371.883c6.47-11.565%2022.46-20.941%2035.71-20.941h376.02c30.93%200%2043.77%2021.877%2028.68%2048.863L1371%20954h88.38l296.28-534.011c6.47-11.664%2022.45-21.12%2035.7-21.12H1920V0z%22%20fill%3D%22rgba%28255%2C255%2C255%2C1%29%22%2F%3E%3C%2Fsvg%3E);opacity: 1 ;mix-blend-mode:normal;\"><\/div><div class=\"fusion-builder-row fusion-row fusion-flex-align-items-flex-start fusion-flex-content-wrap\" style=\"max-width:1248px;margin-left: calc(-4% \/ 2 );margin-right: calc(-4% \/ 2 );\"><div class=\"fusion-layout-column fusion_builder_column fusion-builder-column-0 fusion_builder_column_1_2 1_2 fusion-flex-column fusion-no-small-visibility\" style=\"--awb-bg-blend:overlay;--awb-bg-size:cover;--awb-width-large:50%;--awb-margin-top-large:0px;--awb-spacing-right-large:3.84%;--awb-margin-bottom-large:20px;--awb-spacing-left-large:3.84%;--awb-width-medium:50%;--awb-spacing-right-medium:3.84%;--awb-spacing-left-medium:3.84%;--awb-width-small:100%;--awb-spacing-right-small:1.92%;--awb-spacing-left-small:1.92%;\"><div class=\"fusion-column-wrapper fusion-flex-justify-content-flex-start fusion-content-layout-column\"><div class=\"fusion-title title fusion-title-1 fusion-sep-none fusion-title-center fusion-title-text fusion-title-size-two\" style=\"--awb-margin-top-small:10px;--awb-margin-right-small:0px;--awb-margin-bottom-small:10px;--awb-margin-left-small:0px;\"><h2 class=\"fusion-title-heading title-heading-center\" style=\"margin:0;\"><h1>Cam\u00e9cuaro<\/h1><\/h2><\/div><div class=\"fusion-text fusion-text-1\" style=\"--awb-content-alignment:justify;\"><p><strong>El lago de Cam\u00e9cuaro es uno de los atractivos con mayor auge en el estado en <\/strong><strong>los \u00faltimos a\u00f1os, aunque es preciso mencionar que desde la \u00e9poca pur\u00e9pecha era uno <\/strong><strong>de los mejores lugares de la zona, con un nombre tan llamativo como su significado, <\/strong><strong>\u201clugar de la amargura oculta\u201d; esto no alude a la caracter\u00edstica f\u00edsica del agua, si no <\/strong><strong>evoca a la leyenda de la princesa Huanita, joven enamorada del Tang\u00e1nxhuan, sobrino <\/strong><strong>y uno de los herederos de Tari\u00e1curi, que habiendo sido secuestrada por el sacerdote <\/strong><strong>Cand\u00f3, y mantenida oculta en el adoratorio de Cutz\u00e9 (una yacata postrada, seg\u00fan se <\/strong><strong>cree, en lo que ahora se conoce como el Cerrito de la Cruz, que desde 2004 forma <\/strong><strong>parte del pol\u00edgono territorial del parque.), llor\u00f3 tanto su desgracia y ausencia de su<\/strong><br \/>\n<strong>amado que formo un manantial con su amargo llanto. Cuenta la leyenda que por esta <\/strong><strong>raz\u00f3n, solo hombres se ahogan en el lago, ya que Huanita los retiene debajo del agua <\/strong><strong>pensando que su amado que ha vuelto por ella.<\/strong><\/p>\n<p><strong>Declarado como \u00c1rea Natural protegida en 1940, y un a\u00f1o despu\u00e9s, por medio <\/strong><strong>del decreto del presidente Lazaro Cardenas del R\u00edo, nombrado Parque Nacional.<\/strong><\/p>\n<p><strong>Cuenta con una extensi\u00f3n de 12 hect\u00e1reas, y una superficie de lago cercana a las 3 <\/strong><strong>hect\u00e1reas y media (1400 metros de largo por 100 de ancho) con una profundidad de <\/strong><strong>hasta los 6 metros y sus cerca de 1,031 yacimientos que dan origen al mismo. <\/strong><strong>Los cerca de 500 ahuehuetes que dan forma a la ribera del lago, representan un <\/strong><strong>tesoro vegetal y paisaj\u00edstico por s\u00ed mismos; su belleza, su longevidad, su nombre <\/strong><strong>n\u00e1huatl (\u201c\u00e1rbol viejo del agua\u201d), hace alusi\u00f3n a su principal caracter\u00edstica, la capacidad <\/strong><strong>de perdurar por varios siglos.<\/strong><\/p>\n<\/div><\/div><\/div><div class=\"fusion-layout-column fusion_builder_column fusion-builder-column-1 fusion_builder_column_1_2 1_2 fusion-flex-column fusion-no-small-visibility\" style=\"--awb-bg-blend:overlay;--awb-bg-size:cover;--awb-width-large:50%;--awb-margin-top-large:0px;--awb-spacing-right-large:3.84%;--awb-margin-bottom-large:20px;--awb-spacing-left-large:3.84%;--awb-width-medium:50%;--awb-spacing-right-medium:3.84%;--awb-spacing-left-medium:3.84%;--awb-width-small:100%;--awb-spacing-right-small:1.92%;--awb-spacing-left-small:1.92%;\"><div class=\"fusion-column-wrapper fusion-flex-justify-content-flex-start fusion-content-layout-column\"><div class=\"fusion-title title fusion-title-2 fusion-sep-none fusion-title-center fusion-title-text fusion-title-size-two\" style=\"--awb-margin-top-small:10px;--awb-margin-right-small:0px;--awb-margin-bottom-small:10px;--awb-margin-left-small:0px;\"><h2 class=\"fusion-title-heading title-heading-center\" style=\"margin:0;\"><h1>Como Llegar<\/h1><\/h2><\/div><iframe src=\"https:\/\/www.google.com\/maps\/embed?pb=!1m18!1m12!1m3!1d3751.5110899062474!2d-102.21320082387892!3d19.902856281479472!2m3!1f0!2f0!3f0!3m2!1i1024!2i768!4f13.1!3m3!1m2!1s0x842e7d7f6b1d86db%3A0x7e888b72f2f6cf1d!2sParque%20Nacional%20Lago%20de%20Cam%C3%A9cuaro!5e0!3m2!1ses-419!2smx!4v1740159441225!5m2!1ses-419!2smx\" width=\"95%\" height=\"750\" style=\"border:0;\" allowfullscreen=\"\" loading=\"lazy\" referrerpolicy=\"no-referrer-when-downgrade\"><\/iframe><\/div><\/div><\/div><\/div><div class=\"fusion-fullwidth fullwidth-box fusion-builder-row-2 fusion-flex-container fusion-parallax-none nonhundred-percent-fullwidth non-hundred-percent-height-scrolling\" style=\"--awb-background-position:center top;--awb-border-sizes-top:0px;--awb-border-sizes-bottom:0px;--awb-border-sizes-left:0px;--awb-border-sizes-right:0px;--awb-border-radius-top-left:0px;--awb-border-radius-top-right:0px;--awb-border-radius-bottom-right:0px;--awb-border-radius-bottom-left:0px;--awb-padding-top:90px;--awb-padding-bottom:90px;--awb-background-color:var(--awb-color5);--awb-background-image:url(&quot;https:\/\/tangancicuaro.gob.mx\/wp-content\/uploads\/2016\/11\/avada-it-call-to-action-bg.png&quot;);--awb-background-size:cover;--awb-flex-wrap:wrap;\" ><div class=\"fusion-builder-row fusion-row fusion-flex-align-items-stretch fusion-flex-content-wrap\" style=\"max-width:1248px;margin-left: calc(-4% \/ 2 );margin-right: calc(-4% \/ 2 );\"><div class=\"fusion-layout-column fusion_builder_column fusion-builder-column-2 fusion_builder_column_1_1 1_1 fusion-flex-column\" style=\"--awb-bg-size:cover;--awb-width-large:100%;--awb-margin-top-large:0px;--awb-spacing-right-large:1.92%;--awb-margin-bottom-large:20px;--awb-spacing-left-large:1.92%;--awb-width-medium:100%;--awb-order-medium:0;--awb-spacing-right-medium:1.92%;--awb-spacing-left-medium:1.92%;--awb-width-small:100%;--awb-order-small:0;--awb-spacing-right-small:1.92%;--awb-spacing-left-small:1.92%;\"><div class=\"fusion-column-wrapper fusion-column-has-shadow fusion-flex-justify-content-flex-start fusion-content-layout-column\"><div class=\"awb-gallery-wrapper awb-gallery-wrapper-1 button-span-no\" style=\"--more-btn-alignment:center;\"><div style=\"margin:-5px;--awb-bordersize:0px;\" class=\"fusion-gallery fusion-gallery-container fusion-grid-3 fusion-columns-total-3 fusion-gallery-layout-grid fusion-gallery-1\"><div style=\"padding:5px;\" class=\"fusion-grid-column fusion-gallery-column fusion-gallery-column-3 hover-type-none\"><div class=\"fusion-gallery-image\"><a href=\"https:\/\/tangancicuaro.gob.mx\/wp-content\/uploads\/2025\/02\/Captura-desde-2025-02-20-17-58-35.png\" rel=\"noreferrer\" data-rel=\"iLightbox[gallery_image_1]\" class=\"fusion-lightbox\" target=\"_self\"><img decoding=\"async\" src=\"https:\/\/tangancicuaro.gob.mx\/wp-content\/uploads\/2025\/02\/Captura-desde-2025-02-20-17-58-35.png\" width=\"752\" height=\"417\" alt=\"\" title=\"Captura desde 2025-02-20 17-58-35\" aria-label=\"Captura desde 2025-02-20 17-58-35\" class=\"img-responsive wp-image-1305\" srcset=\"https:\/\/tangancicuaro.gob.mx\/wp-content\/uploads\/2025\/02\/Captura-desde-2025-02-20-17-58-35-200x111.png 200w, https:\/\/tangancicuaro.gob.mx\/wp-content\/uploads\/2025\/02\/Captura-desde-2025-02-20-17-58-35-400x222.png 400w, https:\/\/tangancicuaro.gob.mx\/wp-content\/uploads\/2025\/02\/Captura-desde-2025-02-20-17-58-35-600x333.png 600w, https:\/\/tangancicuaro.gob.mx\/wp-content\/uploads\/2025\/02\/Captura-desde-2025-02-20-17-58-35.png 752w\" sizes=\"(min-width: 2200px) 100vw, (min-width: 784px) 397px, (min-width: 712px) 595px, (min-width: 640px) 712px, \" \/><\/a><\/div><\/div><div style=\"padding:5px;\" class=\"fusion-grid-column fusion-gallery-column fusion-gallery-column-3 hover-type-none\"><div class=\"fusion-gallery-image\"><a href=\"https:\/\/tangancicuaro.gob.mx\/wp-content\/uploads\/2025\/02\/camecuaro.jpeg\" rel=\"noreferrer\" data-rel=\"iLightbox[gallery_image_1]\" class=\"fusion-lightbox\" target=\"_self\"><img decoding=\"async\" src=\"https:\/\/tangancicuaro.gob.mx\/wp-content\/uploads\/2025\/02\/camecuaro.jpeg\" width=\"1600\" height=\"1200\" alt=\"\" title=\"camecuaro\" aria-label=\"camecuaro\" class=\"img-responsive wp-image-1297\" srcset=\"https:\/\/tangancicuaro.gob.mx\/wp-content\/uploads\/2025\/02\/camecuaro-200x150.jpeg 200w, https:\/\/tangancicuaro.gob.mx\/wp-content\/uploads\/2025\/02\/camecuaro-400x300.jpeg 400w, https:\/\/tangancicuaro.gob.mx\/wp-content\/uploads\/2025\/02\/camecuaro-600x450.jpeg 600w, https:\/\/tangancicuaro.gob.mx\/wp-content\/uploads\/2025\/02\/camecuaro-800x600.jpeg 800w, https:\/\/tangancicuaro.gob.mx\/wp-content\/uploads\/2025\/02\/camecuaro-1200x900.jpeg 1200w, https:\/\/tangancicuaro.gob.mx\/wp-content\/uploads\/2025\/02\/camecuaro.jpeg 1600w\" sizes=\"(min-width: 2200px) 100vw, (min-width: 784px) 397px, (min-width: 712px) 595px, (min-width: 640px) 712px, \" \/><\/a><\/div><\/div><div style=\"padding:5px;\" class=\"fusion-grid-column fusion-gallery-column fusion-gallery-column-3 hover-type-none\"><div class=\"fusion-gallery-image\"><a href=\"https:\/\/tangancicuaro.gob.mx\/wp-content\/uploads\/2025\/02\/Captura-desde-2025-02-20-17-39-44.png\" rel=\"noreferrer\" data-rel=\"iLightbox[gallery_image_1]\" class=\"fusion-lightbox\" target=\"_self\"><img decoding=\"async\" src=\"https:\/\/tangancicuaro.gob.mx\/wp-content\/uploads\/2025\/02\/Captura-desde-2025-02-20-17-39-44.png\" width=\"735\" height=\"489\" alt=\"\" title=\"Captura desde 2025-02-20 17-39-44\" aria-label=\"Captura desde 2025-02-20 17-39-44\" class=\"img-responsive wp-image-1293\" srcset=\"https:\/\/tangancicuaro.gob.mx\/wp-content\/uploads\/2025\/02\/Captura-desde-2025-02-20-17-39-44-200x133.png 200w, https:\/\/tangancicuaro.gob.mx\/wp-content\/uploads\/2025\/02\/Captura-desde-2025-02-20-17-39-44-400x266.png 400w, https:\/\/tangancicuaro.gob.mx\/wp-content\/uploads\/2025\/02\/Captura-desde-2025-02-20-17-39-44-600x399.png 600w, https:\/\/tangancicuaro.gob.mx\/wp-content\/uploads\/2025\/02\/Captura-desde-2025-02-20-17-39-44.png 735w\" sizes=\"(min-width: 2200px) 100vw, (min-width: 784px) 397px, (min-width: 712px) 595px, (min-width: 640px) 712px, \" \/><\/a><\/div><\/div><div class=\"clearfix\"><\/div><\/div><\/div><\/div><\/div><\/div><\/div><\/p>\n","protected":false},"excerpt":{"rendered":"","protected":false},"author":1,"featured_media":0,"parent":0,"menu_order":0,"comment_status":"closed","ping_status":"closed","template":"100-width.php","meta":{"footnotes":""},"class_list":["post-29","page","type-page","status-publish","hentry"],"_links":{"self":[{"href":"https:\/\/tangancicuaro.gob.mx\/index.php\/wp-json\/wp\/v2\/pages\/29","targetHints":{"allow":["GET"]}}],"collection":[{"href":"https:\/\/tangancicuaro.gob.mx\/index.php\/wp-json\/wp\/v2\/pages"}],"about":[{"href":"https:\/\/tangancicuaro.gob.mx\/index.php\/wp-json\/wp\/v2\/types\/page"}],"author":[{"embeddable":true,"href":"https:\/\/tangancicuaro.gob.mx\/index.php\/wp-json\/wp\/v2\/users\/1"}],"replies":[{"embeddable":true,"href":"https:\/\/tangancicuaro.gob.mx\/index.php\/wp-json\/wp\/v2\/comments?post=29"}],"version-history":[{"count":10,"href":"https:\/\/tangancicuaro.gob.mx\/index.php\/wp-json\/wp\/v2\/pages\/29\/revisions"}],"predecessor-version":[{"id":1413,"href":"https:\/\/tangancicuaro.gob.mx\/index.php\/wp-json\/wp\/v2\/pages\/29\/revisions\/1413"}],"wp:attachment":[{"href":"https:\/\/tangancicuaro.gob.mx\/index.php\/wp-json\/wp\/v2\/media?parent=29"}],"curies":[{"name":"wp","href":"https:\/\/api.w.org\/{rel}","templated":true}]}}